23 is divided by 3056?
19
Calculate the remainder when 53524 is divided by 29.
19
Calculate the remainder when 227197 is divided by 80.
77
Calculate the remainder when 1032 is divided by 268.
228
Calculate the remainder when 7179 is divided by 38.
35
What is the remainder when 723435 is divided by 166?
7
Calculate the remainder when 138071 is divided by 262.
259
What is the remainder when 2402 is divided by 18?
8
Calculate the remainder when 5451 is divided by 5446.
5
What is the remainder when 169313 is divided by 27?
23
What is the remainder when 246898 is divided by 246881?
17
Calculate the remainder when 3042 is divided by 6.
0
Calculate the remainder when 3316274 is divided by 425.
424
What is the remainder when 3054972 is divided by 25?
22
Calculate the remainder when 180314 is divided by 20026.
80
What is the remainder when 53154 is divided by 377?
374
What is the remainder when 5935 is divided by 58?
19
What is the remainder when 2611 is divided by 119?
112
Calculate the remainder when 42584 is divided by 86.
14
What is the remainder when 1531 is divided by 181?
83
What is the remainder when 84 is divided by 31?
22
Calculate the remainder when 132919 is divided by 44288.
55
Calculate the remainder when 2041 is divided by 14.
11
Calculate the remainder when 51543 is divided by 242.
239
What is the remainder when 70540 is divided by 2939?
4
What is the remainder when 50143 is divided by 62?
47
Calculate the remainder when 2246 is divided by 420.
146
Calculate the remainder when 4175 is divided by 80.
15
What is the remainder when 501787 is divided by 23?
19
Calculate the remainder when 3990 is divided by 1330.
0
What is the remainder when 39316 is divided by 13023?
247
Calculate the remainder when 9628 is divided by 4802.
24
Calculate the remainder when 48476 is divided by 245.
211
Calculate the remainder when 32363 is divided by 1470.
23
Calculate the remainder when 1500 is divided by 132.
48
Calculate the remainder when 2876373 is divided by 338.
331
Calculate the remainder when 25404 is divided by 292.
0
Calculate the remainder when 4016 is divided by 161.
152
Calculate the remainder when 380750 is divided by 53.
51
Calculate the remainder when 4122 is divided by 293.
20
Calculate the remainder when 30576 is divided by 22.
18
Calculate the remainder when 972592 is divided by 166.
164
Calculate the remainder when 2565 is divided by 339.
192
What is the remainder when 2499 is divided by 728?
315
Calculate the remainder when 5205 is divided by 31.
28
What is the remainder when 1099 is divided by 876?
223
What is the remainder when 2378 is divided by 414?
308
What is the remainder when 1059830 is divided by 29?
25
What is the remainder when 421 is divided by 151?
119
What is the remainder when 3060 is divided by 398?
274
Calculate the remainder when 8145 is divided by 474.
87
What is the remainder when 71272 is divided by 540?
532
What is the remainder when 76722 is divided by 165?
162
What is the remainder when 42689 is divided by 37?
28
What is the remainder when 8580 is divided by 81?
75
Calculate the remainder when 1056 is divided by 8.
0
Calculate the remainder when 179164 is divided by 89558.
48
What is the remainder when 3081 is divided by 47?
26
What is the remainder when 15162 is divided by 6?
0
What is the remainder when 73 is divided by 19?
16
What is the remainder when 22226 is divided by 1709?
9
Calculate the remainder when 793 is divided by 126.
37
What is the remainder when 192 is divided by 100?
92
Calculate the remainder when 63306 is divided by 44.
34
What is the remainder when 1395 is divided by 337?
47
What is the remainder when 28380 is divided by 9005?
1365
What is the remainder when 9641 is divided by 9636?
5
Calculate the remainder when 1832 is divided by 457.
4
What is the remainder when 8079 is divided by 1009?
7
Calculate the remainder when 1198103 is divided by 12.
11
Calculate the remainder when 2138 is divided by 109.
67
Calculate the remainder when 1834943 is divided by 16.
15
Calculate the remainder when 15513 is divided by 7753.
7
What is the remainder when 501 is divided by 175?
151
Calculate the remainder when 20487 is divided by 23.
17
Calculate the remainder when 51480 is divided by 271.
261
Calculate the remainder when 810 is divided by 11.
7
What is the remainder when 710333 is divided by 118387?
11
What is the remainder when 5882 is divided by 44?
30
Calculate the remainder when 8708 is divided by 2580.
968
What is the remainder when 1599 is divided by 96?
63
What is the remainder when 2917 is divided by 1454?
9
Calculate the remainder when 33556 is divided by 2395.
26
What is the remainder when 23064 is divided by 577?
561
What is the remainder when 1737 is divided by 380?
217
What is the remainder when 654 is divided by 428?
226
What is the remainder when 12378 is divided by 459?
444
What is the remainder when 32880 is divided by 134?
50
Calculate the remainder when 90748 is divided by 31.
11
What is the remainder when 2249 is divided by 533?
117
Calculate the remainder when 1015 is divided by 133.
84
Calculate the remainder when 190548 is divided by 10.
8
What is the remainder when 5364 is divided by 109?
23
What is the remainder when 21633 is divided by 6?
3
Calculate the remainder when 3441 is divided by 474.
123
Calculate the remainder when 134330 is divided by 387.
41
What is the remainder when 429186 is divided by 85832?
26
Calculate the remainder when 4129 is divided by 62.
37
Calculate the remainder when 15921 is divided by 242.
191
What is the remainder when 9037 is divided by 2007?
1009
What is the remainder when 34807 is divided by 232?
7
Calculate the remainder when 12012 is divided by 56.
28
What is the remainder when 15388 is divided by 59?
48
Calculate the remainder when 25463 is divided by 214.
211
What is the remainder when 37825 is divided by 81?
79
What is the remainder when 5876 is divided by 292?
36
What is the remainder when 77332 is divided by 5155?
7
Calculate the remainder when 47869 is divided by 13.
3
Calculate the remainder when 17944 is divided by 61.
10
What is the remainder when 2778309 is divided by 92610?
9
What is the remainder when 163735 is divided by 20?
15
Calculate the remainder when 27119 is divided by 89.
63
Calculate the remainder when 66023 is divided by 126.
125
Calculate the remainder when 14256 is divided by 155.
151
What is the remainder when 7752 is divided by 631?
180
Calculate the remainder when 78634 is divided by 395.
29
Calculate the remainder when 1550 is divided by 1530.
20
What is the remainder when 4173 is divided by 1002?
165
Calculate the remainder when 5323 is divided by 1609.
496
What is the remainder when 6490 is divided by 537?
46
What is the remainder when 780000 is divided by 160?
0
Calculate the remainder when 459776 is divided by 57471.
8
Calculate the remainder when 5052 is divided by 1666.
54
Calculate the remainder when 37105 is divided by 19.
17
Calculate the remainder when 16447 is divided by 4107.
19
Calculate the remainder when 347735 is divided by 2738.
9
Calculate the remainder when 731592 is divided by 124.
116
What is the remainder when 212539 is divided by 64?
59
What is the remainder when 21117 is divided by 64?
61
What is the remainder when 111929 is divided by 205?
204
What is the remainder when 222071 is divided by 675?
671
Calculate the remainder when 1028 is divided by 69.
62
What is the remainder when 64718 is divided by 372?
362
Calculate the remainder when 1679740 is divided by 18.
16
What is the remainder when 151598 is divided by 5?
3
What is the remainder when 199947 is divided by 11761?
10
Calculate the remainder when 1036910 is divided by 21.
14
What is the remainder when 47523 is divided by 167?
95
What is the remainder when 146251 is divided by 1068?
1003
Calculate the remainder when 11074 is divided by 299.
11
What is the remainder when 183289 is divided by 61095?
4
What is the remainder when 93533 is divided by 17?
16
Calculate the remainder when 1334 is divided by 223.
219
Calculate the remainder when 2074 is divided by 173.
171
What is the remainder when 5946 is divided by 148?
26
Calculate the remainder when 25176 is divided by 22.
8
What is the remainder when 3960 is divided by 241?
104
Calcul